9
What is the tens digit of 8473?
7
What is the thousands digit of 63322?
3
What is the thousands digit of 7388?
7
What is the thousands digit of 5652?
5
What is the thousands digit of 2663?
2
What is the units digit of 664?
4
What is the hundreds digit of 5853?
8
What is the units digit of 3862?
2
What is the hundreds digit of 2852?
8
What is the thousands digit of 29878?
9
What is the tens digit of 46622?
2
What is the thousands digit of 1327?
1
What is the tens digit of 25408?
0
What is the units digit of 7580?
0
What is the hundreds digit of 2708?
7
What is the ten thousands digit of 83865?
8
What is the tens digit of 2456?
5
What is the tens digit of 75701?
0
What is the units digit of 16257?
7
What is the units digit of 478?
8
What is the thousands digit of 13569?
3
What is the hundreds digit of 5651?
6
What is the units digit of 5604?
4
What is the tens digit of 231?
3
What is the thousands digit of 137241?
7
What is the ten thousands digit of 21440?
2
What is the thousands digit of 5415?
5
What is the ten thousands digit of 13458?
1
What is the tens digit of 25984?
8
What is the thousands digit of 110488?
0
What is the tens digit of 22572?
7
What is the units digit of 4377?
7
What is the tens digit of 123006?
0
What is the units digit of 11107?
7
What is the units digit of 7931?
1
What is the units digit of 19041?
1
What is the ten thousands digit of 74504?
7
What is the hundreds digit of 26838?
8
What is the units digit of 2400?
0
What is the thousands digit of 19997?
9
What is the ten thousands digit of 58599?
5
What is the thousands digit of 97731?
7
What is the thousands digit of 14848?
4
What is the ten thousands digit of 27056?
2
What is the units digit of 7657?
7
What is the units digit of 861?
1
What is the hundreds digit of 89195?
1
What is the tens digit of 826?
2
What is the hundreds digit of 1178?
1
What is the units digit of 1469?
9
What is the thousands digit of 43674?
3
What is the units digit of 455?
5
What is the thousands digit of 60221?
0
What is the tens digit of 15347?
4
What is the units digit of 109401?
1
What is the units digit of 20593?
3
What is the hundreds digit of 4638?
6
What is the thousands digit of 1081?
1
What is the ten thousands digit of 63346?
6
What is the tens digit of 17343?
4
What is the units digit of 5242?
2
What is the tens digit of 38605?
0
What is the tens digit of 16440?
4
What is the hundreds digit of 843?
8
What is the hundreds digit of 788?
7
What is the ten thousands digit of 42807?
4
What is the thousands digit of 7549?
7
What is the hundreds digit of 415?
4
What is the tens digit of 7399?
9
What is the hundreds digit of 1917?
9
What is the thousands digit of 92832?
2
What is the hundreds digit of 55079?
0
What is the thousands digit of 1641?
1
What is the hundreds digit of 9291?
2
What is the hundreds digit of 2012?
0
What is the hundreds digit of 4061?
0
What is the thousands digit of 28398?
8
What is the hundreds digit of 40966?
9
What is the units digit of 171705?
5
What is the hundreds digit of 14356?
3
What is the hundreds digit of 3145?
1
What is the hundreds digit of 334?
3
What is the hundreds digit of 302?
3
What is the tens digit of 9462?
6
What is the units digit of 1681?
1
What is the units digit of 1465?
5
What is the tens digit of 222?
2
What is the thousands digit of 6395?
6
What is the tens digit of 115433?
3
What is the tens digit of 2317?
1
What is the hundreds digit of 7347?
3
What is the tens digit of 1025?
2
What is the ten thousands digit of 31169?
3
What is the tens digit of 1910?
1
What is the hundred thousands digit of 133197?
1
What is the units digit of 144?
4
What is the units digit of 1768?
8
What is the hundreds digit of 1000?
0
What is the units digit of 3964?
4
What is the tens digit of 159?
5
What is the tens digit of 199?
9
What is the thousands digit of 1851?
1
What is the thousands digit of 108592?
8
What is the hundreds digit of 150?
1
What is the units digit of 295?
5
What is the ten thousands digit of 43350?
4
What is the units digit of 1892?
2
What is the hundreds digit of 2694?
6
What is the units digit of 40272?
2
What is the hundreds digit of 239?
2
What is the tens digit of 85908?
0
What is the tens digit of 649?
4
What is the tens digit of 5807?
0
What is the hundred thousands digit of 148670?
1
What is the units digit of 10500?
0
What is the units digit of 56745?
5
What is the thousands digit of 8332?
8
What is the hundreds digit of 11992?
9
What is the units digit of 6257?
7
What is the tens digit of 1254?
5
What is the tens digit of 1107?
0
What is the hundreds digit of 28267?
2
What is the hundreds digit of 1501?
5
What is the thousands digit of 9092?
9
What is the thousands digit of 1352?
1
What is the hundreds digit of 461?
4
What is the tens digit of 4146?
4
What is the thousands digit of 9535?
9
What is the hundreds digit of 5532?
5
What is the tens digit of 8223?
2
What is the units digit of 18340?
0
What is the units digit of 42515?
5
What is the hundreds digit of 39599?
5
What is the units digit of 2069?
9
What is the thousands digit of 1263?
1
What is the thousands digit of 2371?
2
What is the hundreds digit of 4799?
7
What is the hundreds digit of 9320?
3
What is the units digit of 2691?
1
What is the thousands digit of 1650?
1
What is the hundreds digit of 42396?
3
What is the tens digit of 6380?
8
What is the units digit of 1194?
4
What is the hundreds digit of 7421?
4
What is the units digit of 4524?
4
What is the tens digit of 28752?
5
What is the hundreds digit of 1230?
2
What is the thousands digit of 1521?
1
What is the thousands digit of 6013?
6
What is the tens digit of 46284?
8
What is the ten thousands digit of 61166?
6
What is the units digit of 27?
7
What is the hundreds digit of 7743?
7
What is the tens digit of 2429?
2
What is the units digit of 219?
9
What is the tens digit of 7289?
8
What is the units digit of 2212?
2
What is the hundreds digit of 307?
3
What is the thousands digit of 2916?
2
What is the hundreds digit of 61223?
2
What is the hundreds digit of 120957?
9
What is the units digit of 30?
0
What is the thousands digit of 7833?
7
What is the units digit of 67120?
0
What is the tens digit of 7664?
6
What is the tens digit of 10545?
4
What is the hundreds digit of 2994?
9
What is the hundreds digit of 13991?
9
What is the thousands digit of 3430?
3
What is the thousands digit of 3249?
3
What is the tens digit of 367?
6
What is the hundreds digit of 2460?
4
What is the thousands digit of 5899?
5
What is the units digit of 759?
9
What is the thousands digit of 3982?
3
What is the units digit of 2424?
4
What is the units digit of 1028?
8
What is the units digit of 11455?
5
What is the thousands digit of 31549?
1
What is the tens digit of 1383?
8
What is the thousands digit of 1562?
1
What is the tens digit of 5372?
7
What is the units digit of 8521?
1
What is the thousands digit of 6647?
6
What is the thousands digit of 8632?
8
What is the ten thousands digit of 110020?
1
What is the thousands digit of 114470?
4
What is the hundreds digit of 1074?
0
What is the hundreds digit of 714?
7
What is the units digit of 4676?
6
What is the hundreds digit of 3251?
2
What is the tens digit of 16689?
8
What is the hundreds digit of 9725?
7
What is the units digit of 15717?
7
What is the ten thousands digit of 22913?
2
What is the units digit of 113695?
5
What is the hundred thousands digit of 126254?
1
What is the units digit of 866?
6
What is the thousands digit of 13229?
3
What is the units digit of 8192?
2
What is the thousands digit of 2361?
2
What is the hundreds digit of 35603?
6
What is the units digit of 2002?
2
What is the tens digit of 1581?
8
What is the hundreds digit of 7874?
8
What is the hundreds digit of 8536?
5
What is the hundreds digit of 3639?
6
What is the tens digit of 4961?
6
What is the tens digit of 23590?
9
What is the tens digit of 2928?
2
What is the ten thousands digit of 59788?
5
What is the units digit of 84818?
8
What is the units digit of 6437?
7
What is the ten thousands digit of 20156?
2
What is the tens digit of 5101?
0
What is the tens digit of 2122?
2
What is the tens digit of 14548?
4
What is the tens digit of 17369?
6
What is the units digit of 9638?
8
What is the tens d